or of 80 and p?
10
Let i(u) be the second derivative of -u**5/20 + 5*u**4/12 + 5*u**3/6 - 5*u**2/2 - 12*u. Let v be i(5). What is the greatest common factor of v and 8?
4
Suppose -2*r + 69 = r. Suppose 3*j - 210 = j - 5*p, 5*p + 20 = 0. Calculate the highest common factor of j and r.
23
Let v(n) = n + 15. Let d be v(-9). Let y be (14*2/d)/((-7)/(-42)). Calculate the highest common divisor of 42 and y.
14
Let l(d) = 51*d**2 - 5*d + 20. Let q be l(3). What is the highest common divisor of q and 16?
16
Suppose 4*c - 10*c = -648. Let w be 1/3*c/4. What is the greatest common divisor of w and 9?
9
Suppose a + 3*a = 240. Let u = 29 - 21. Let s = 23 - u. What is the highest common factor of s and a?
15
Let p = 22 + 3. Let r = -43 + 48. Calculate the highest common divisor of p and r.
5
Suppose -3*m - 6*m + 162 = 0. Let p be (110/15)/(4/m). What is the greatest common divisor of p and 66?
33
Suppose 12 = c - 2*s - 5, -c = 3*s - 37. Suppose 4*v - c - 19 = 0. Calculate the highest common divisor of 44 and v.
11
Let t be 86/5 - 7*(-6)/(-210). Calculate the greatest common factor of 1343 and t.
17
Suppose -4*z = z - 315. Let o(i) = 2*i**2 + 38*i - 31. Let a be o(-20). Calculate the greatest common factor of a and z.
9
Let b = 46 - 54. Let t = b - -38. Calculate the greatest common factor of 10 and t.
10
Suppose 2*d - 3*u = 40, -6 - 10 = 4*u. Calculate the greatest common divisor of d and 28.
14
Let p = -557 - -641. What is the greatest common factor of p and 372?
12
Let f(r) = 7*r**2 - 14*r + 37. Let x be f(3). Calculate the highest common divisor of 1334 and x.
58
Let p = -48 - -72. Let i be 1 + -4 - p/(-2). What is the highest common divisor of 1 and i?
1
Let o(u) = 43*u**3 - 3*u**2 + u + 3. Let x be o(1). What is the greatest common factor of 110 and x?
22
Suppose -30*r = -29*r - 35. Let v be (-4)/(-14) + 410/r. Calculate the greatest common factor of 16 and v.
4
Suppose q + 4*q = -10. Let w be 3 + (-6 - q) + -4. Let k be 3*8/(-60)*w. Calculate the highest common divisor of 14 and k.
2
Let z(g) be the third derivative of g**5/60 + 23*g**3/3 + 3*g**2 + 5*g. Let a be z(0). Calculate the highest common divisor of a and 2.
2
Let p be -1 + 3 + (-4 - -379)/1. Calculate the highest common divisor of 87 and p.
29
Let b = 1048 - 1032. What is the highest common divisor of 240 and b?
16
Let o be 18/(((-3)/(-14))/(18/63)). What is the greatest common divisor of 56 and o?
8
Let z(c) = -c**3 - 11*c**2 + 44*c + 38. Let x be z(-14). Calculate the highest common factor of 290 and x.
10
Let y = -22 + 23. Let a be (-15)/5 - y*-5. Suppose 2*c - 54 = -14. What is the highest common divisor of a and c?
2
Suppose -3*b + 2*b + 3496 = -4*k, -5*k + 14005 = 4*b. Let t be 12/5*b/30. Calculate the greatest common divisor of t and 35.
35
Let r = 377 + -373. What is the greatest common divisor of r and 1?
1
Let n = 69 + -15. Let h = n + 42. Calculate the highest common factor of 12 and h.
12
Suppose -25399 + 9515 = -38*j. What is the highest common factor of j and 33?
11
Let j be 9216/27 + (-1)/3. What is the greatest common divisor of j and 31?
31
Suppose 3*q - 12 = 7*q, 2*q = 2*l - 56. Let a(k) = 4*k**2 + 17*k. Let h be a(-6). Let z be 6/(-14) - (-4218)/h. What is the highest common divisor of z and l?
25
Suppose 2*l + 55 = -w + 83, 0 = -3*l - 2*w + 41. Calculate the greatest common factor of 885 and l.
15
Suppose 24 = -15*i + 13*i. Let l be 6*(i/8 + 2). Suppose 5*a = o - 28, -3*o + l*a = -0*o - 36. What is the greatest common divisor of o and 72?
8
Suppose -3*q + 5*l = -2088, -1318 = -3*q + 4*l + 770. What is the greatest common factor of 24 and q?
24
Let v be 24492/100 - (14/(-175) - 0). What is the highest common divisor of 7 and v?
7
Let o be (4/(-6))/((-1)/6). Suppose 0 = -7*t - 2 + 23. Suppose -42 = -t*b + u + 2, o*u = 2*b - 16. Calculate the greatest common factor of 112 and b.
16
Let g = 1075 + -1072. Let f(y) = -4*y - 1. Suppose -3*z = -5*l - 14, -3*z - 4 - 2 = 0. Let a be f(l). What is the greatest common factor of a and g?
3
Suppose -r - d = -6*r - 172, 4*d = 5*r + 163. Let n = -7 - r. What is the greatest common factor of 28 and n?
28
Let w be ((-48)/(-6) + -7)*88/1. Calculate the highest common divisor of w and 836.
44
Suppose -8*j + 369 = -527. Let t(q) = -q**3 - 2*q**2 + 4*q - 2. Let n be t(-4). What is the highest common divisor of n and j?
14
Let a be (-448)/(-168)*(-66)/(-4). What is the highest common factor of 1628 and a?
44
Let p = 305 + -214. What is the greatest common divisor of p and 52?
13
Suppose -9*q + 61 = -65. Let s = 26 + -12. What is the highest common divisor of q and s?
14
Suppose 0 = -3*c - 6, 60 - 18 = 2*b + 3*c. Let t = b - 27. Let m be 1*(t + 2)*-1. Calculate the greatest common divisor of m and 5.
1
Let t be 3 + 154 - (-3 + 9 + -2). Suppose 2*y = 5*c - 7, -4*c = -c - 15. Calculate the greatest common factor of y and t.
9
Suppose 4*a + 194 - 22 = 0. Let k = a + 8. Let v = -7 - k. Calculate the greatest common factor of v and 252.
28
Let l be ((-67662)/45)/(-21) - 4/(-10). What is the highest common divisor of 792 and l?
72
Suppose -5*l + 934 = j, 5*l - 940 = 17*j - 12*j. What is the highest common divisor of l and 22?
11
Let s(y) = y + 10. Let h be s(-7). Let u(k) = 3*k**2 - k - 6. Let n be u(h). Calculate the greatest common divisor of 6 and n.
6
Let y = -27 + 64. Let s = y + -26. Calculate the highest common divisor of 121 and s.
11
Suppose -m - 128 = -5*x, -136 = -5*x + m - 4*m. Let f be (-579)/(-15) + ((-144)/(-40))/9. Calculate the greatest common divisor of f and x.
13
Let t(k) = 3*k - 1. Let h be t(2). Suppose -m + 7*m - 60 = 0. What is the greatest common divisor of m and h?
5
Let r be 48/36 - 164/6. Let g = r - -59. Let q(a) = 3*a**3 + a**2 - 2*a + 1. Let s be q(1). Calculate the greatest common divisor of g and s.
3
Let j = 227 - 131. Let v be (1 - -1)/((-3)/(-96)). What is the greatest common divisor of j and v?
32
Let l be (1 + 1)*(-2470)/(-76). Calculate the highest common divisor of 3770 and l.
65
Suppose 0 = x + 3*t - 231, 0*x + 2*t = -4*x + 924. Calculate the highest common divisor of x and 42.
21
Let l be 1/8 - 341/(-88). Suppose -l = -3*t - 2*i + 8, -2*t = 5*i + 3. Calculate the greatest common factor of t and 24.
6
Let t(u) = u**3 - 8*u**2 + 7*u - 15. Let x be t(8). Suppose 2624 = 9*g - g. What is the greatest common divisor of g and x?
41
Suppose -24*s + 12600 = 60*s. Let j be (-4)/(-10)*(152 + -2). What is the highest common divisor of s and j?
30
Let q = 107 - -16. Calculate the greatest common divisor of 164 and q.
41
Let q(g) = 6*g - 9 + 7*g + 0*g. Let h be q(5). What is the highest common factor of h and 7?
7
Suppose 70 = u + t + 4*t, -3*u = -t - 146. Let c be (-3)/6 + 75/(-6). Let p = -3 - c. What is the highest common factor of u and p?
10
Let g(a) = -a**3 + 9*a**2 - 8*a + 7. Let o be g(8). Suppose -o - 65 = -8*y. Calculate the greatest common divisor of 99 and y.
9
Suppose -24*f - 400 = -44*f. Suppose 100 = 2*m + 3*m. What is the greatest common divisor of m and f?
20
Suppose -11*q - 28 = -18*q. Suppose 0*x + 84 = q*x. Calculate the greatest common divisor of 14 and x.
7
Let h(p) = -p**2 - 9*p + 3. Let w be h(-4). Suppose -7*f + w = -47. What is the greatest common divisor of f and 70?
10
Let c = -275 - -337. Calculate the greatest common divisor of 310 and c.
62
Suppose -22*t + 15*t = -28. Calculate the greatest common divisor of 8 and t.
4
Let z = 23 - -65. Let q(n) = 2*n - 5. Let w be q(8). What is the highest common factor of w and z?
11
Let z(t) = t**3 + 10*t**2 - 10*t - 8. Let c be z(-11). Let g = 29 + c. Calculate the greatest common divisor of 80 and g.
10
Let q(m) = -9*m**2 + 8*m - 8. Let x be q(8). Let g be 9/((-36)/x) - 2. Suppose 0 = -11*b + 7*b + g. What is the highest common factor of 224 and b?
32
Let o(c) = 3*c**3 - 10*c**2 + 17*c + 5. Let b be o(10). Calculate the greatest common divisor of b and 87.
87
Let r(n) = 3*n**2 + 4*n - 22. Let d be r(3). Let x be (-14 - -3)/(1/(-17)). Calculate the highest common factor of d and x.
17
Let x be 276/46 - (-8 + 1). What is the highest common factor of 13 and x?
13
Let p be 1*2*17 + (-120)/(-60). Calculate the greatest common divisor of p and 40.
4
Let o(c) = -30*c + 3. Let b be o(-5). Suppose -i = -4*i + b. Suppose 4*p + k - 68 = -0*k, 2*k - i = -3*p. C